{"id":71,"date":"2024-10-13T18:45:29","date_gmt":"2024-10-13T16:45:29","guid":{"rendered":"https:\/\/endorfinka.pl\/?page_id=71"},"modified":"2026-01-29T21:48:15","modified_gmt":"2026-01-29T20:48:15","slug":"realizowane-projekty","status":"publish","type":"page","link":"https:\/\/endorfinka.pl\/?page_id=71","title":{"rendered":"Realizowane projekty"},"content":{"rendered":"\n<div class=\"wp-block-group alignfull has-accent-background-color has-background has-global-padding is-layout-constrained wp-container-core-group-is-layout-669513ed wp-block-group-is-layout-constrained\" style=\"margin-top:0;margin-bottom:0;padding-top:var(--wp--preset--spacing--50);padding-right:var(--wp--preset--spacing--50);padding-bottom:var(--wp--preset--spacing--50);padding-left:var(--wp--preset--spacing--50)\">\n<div class=\"wp-block-columns alignwide is-layout-flex wp-container-core-columns-is-layout-1da03c2a wp-block-columns-is-layout-flex\">\n<div class=\"wp-block-column is-vertically-aligned-stretch is-layout-flow wp-block-column-is-layout-flow\" style=\"flex-basis:50%\">\n<h2 class=\"wp-block-heading\"><strong>O czym \u015bni\u0105 roboty<\/strong><\/h2>\n\n\n\n<p class=\"wp-container-content-9cfa9a5a\">&#8222;O czym \u015bni\u0105 roboty&#8221; to projekt edukacyjny realizowany przez Stowarzyszenie Endorfinka i wsp\u00f3\u0142finansowany przez Samorz\u0105d Wojew\u00f3dztwa Opolskiego w ramach programu Opolska Pozytywna Edukacja, obejmuj\u0105cy prowadzenie warsztat\u00f3w z robotyki LEGO w szko\u0142ach podstawowych z teren\u00f3w pozamiejskich wojew\u00f3dztwa opolskiego.<\/p>\n\n\n\n<p>W 2024 roku w projekcie wzi\u0119\u0142y udzia\u0142: Publiczna Szko\u0142a Podstawowa w Bogdanowicach, Publiczna Szko\u0142a Podstawowa we W\u0142odzieninie, Publiczna Szko\u0142a Podstawowa w Szybowicach oraz OSP w R\u00f3wnem i KGW w Lwowianach.<\/p>\n\n\n\n<p>W 2025 roku w projekcie bior\u0105 udzia\u0142: Publiczna Szko\u0142a Podstawowa w Bogdanowicach, Publiczna Szko\u0142a Podstawowa we W\u0142odzieninie, Publiczna Szko\u0142a Podstawowa w Szybowicach oraz Gminna Biblioteka Publiczna w Paw\u0142owiczkach.<\/p>\n\n\n\n<p>W latach 2024-2025 projekt jest wsp\u00f3\u0142finansowany przez Samorz\u0105d Wojew\u00f3dztwa Opolskiego w ramach programu &#8222;Opolska pozytywna edukacja &#8211; wyzwania przysz\u0142o\u015bci&#8221;.<\/p>\n<\/div>\n\n\n\n<div class=\"wp-block-column is-vertically-aligned-center is-layout-flow wp-block-column-is-layout-flow\" style=\"flex-basis:50%\">\n<figure class=\"wp-block-gallery has-nested-images columns-default is-cropped wp-block-gallery-2 is-layout-flex wp-block-gallery-is-layout-flex\">\n<figure class=\"wp-block-image aligncenter size-full is-style-rounded is-style-rounded--1\"><img loading=\"lazy\" decoding=\"async\" width=\"1332\" height=\"1587\" data-id=\"155\" src=\"https:\/\/endorfinka.pl\/wp-content\/uploads\/2026\/01\/Projekt-bez-nazwy-3.png\" alt=\"\" class=\"wp-image-155\" style=\"aspect-ratio:3\/4;object-fit:cover\" srcset=\"https:\/\/endorfinka.pl\/wp-content\/uploads\/2026\/01\/Projekt-bez-nazwy-3.png 1332w, https:\/\/endorfinka.pl\/wp-content\/uploads\/2026\/01\/Projekt-bez-nazwy-3-252x300.png 252w, https:\/\/endorfinka.pl\/wp-content\/uploads\/2026\/01\/Projekt-bez-nazwy-3-859x1024.png 859w, https:\/\/endorfinka.pl\/wp-content\/uploads\/2026\/01\/Projekt-bez-nazwy-3-768x915.png 768w, https:\/\/endorfinka.pl\/wp-content\/uploads\/2026\/01\/Projekt-bez-nazwy-3-1289x1536.png 1289w\" sizes=\"auto, (max-width: 1332px) 100vw, 1332px\" \/><\/figure>\n<\/figure>\n<\/div>\n<\/div>\n<\/div>\n\n\n\n<div class=\"wp-block-group alignfull has-base-background-color has-background has-global-padding is-layout-constrained wp-container-core-group-is-layout-d89aad35 wp-block-group-is-layout-constrained\" style=\"margin-top:0;margin-bottom:0;padding-top:var(--wp--preset--spacing--50);padding-right:var(--wp--preset--spacing--50);padding-bottom:var(--wp--preset--spacing--50);padding-left:var(--wp--preset--spacing--50)\">\n<div class=\"wp-block-columns alignwide is-layout-flex wp-container-core-columns-is-layout-549b0c86 wp-block-columns-is-layout-flex\">\n<div class=\"wp-block-column has-global-padding is-content-justification-left is-layout-constrained wp-container-core-column-is-layout-4f15e8fe wp-block-column-is-layout-constrained\" style=\"flex-basis:40%\">\n<figure class=\"wp-block-image size-large is-resized\"><img loading=\"lazy\" decoding=\"async\" width=\"1024\" height=\"724\" src=\"https:\/\/endorfinka.pl\/wp-content\/uploads\/2024\/08\/wakacje-z-kultura-1024x724.jpg\" alt=\"\" class=\"wp-image-35\" style=\"width:517px;height:auto\" srcset=\"https:\/\/endorfinka.pl\/wp-content\/uploads\/2024\/08\/wakacje-z-kultura-1024x724.jpg 1024w, https:\/\/endorfinka.pl\/wp-content\/uploads\/2024\/08\/wakacje-z-kultura-300x212.jpg 300w, https:\/\/endorfinka.pl\/wp-content\/uploads\/2024\/08\/wakacje-z-kultura-768x543.jpg 768w, https:\/\/endorfinka.pl\/wp-content\/uploads\/2024\/08\/wakacje-z-kultura-1536x1086.jpg 1536w, https:\/\/endorfinka.pl\/wp-content\/uploads\/2024\/08\/wakacje-z-kultura.jpg 2000w\" sizes=\"auto, (max-width: 1024px) 100vw, 1024px\" \/><\/figure>\n<\/div>\n\n\n\n<div class=\"wp-block-column is-layout-flow wp-container-core-column-is-layout-119bc444 wp-block-column-is-layout-flow\" style=\"flex-basis:60%\">\n<h2 class=\"wp-block-heading has-x-large-font-size\"><strong>Wakacje z kultur\u0105<\/strong><\/h2>\n\n\n\n<div class=\"wp-block-columns is-layout-flex wp-container-core-columns-is-layout-87beb0d0 wp-block-columns-is-layout-flex\">\n<div class=\"wp-block-column is-layout-flow wp-block-column-is-layout-flow\">\n<p class=\"wp-container-content-9cfa9a5a\">&#8222;Wakacje z kultur\u0105&#8221; to wakacyjny projekt kulturalny obejmuj\u0105cy realizacj\u0119 plener\u00f3w malarskich oraz warsztat\u00f3w tworzenia animacji poklatkowych z klock\u00f3w LEGO adresowanych do dzieci i m\u0142odzie\u017cy zamieszkuj\u0105cej wojew\u00f3dztwo opolskie, wsp\u00f3\u0142finansowany przez Samorz\u0105d Wojew\u00f3dztwa Opolskiego.<\/p>\n\n\n\n<p class=\"wp-container-content-9cfa9a5a\">W 2024 roku zrealizowali\u015bmy &#8222;Legend\u0119 o smoku wawelskim&#8221; w formie animacji poklatkowej z klock\u00f3w LEGO oraz malowali\u015bmy letnie pejza\u017ce p\u0142askowy\u017cu g\u0142ubczyckiego. <\/p>\n<\/div>\n<\/div>\n<\/div>\n<\/div>\n<\/div>\n\n\n\n<div class=\"wp-block-group alignfull has-accent-background-color has-background has-global-padding is-layout-constrained wp-container-core-group-is-layout-669513ed wp-block-group-is-layout-constrained\" style=\"margin-top:0;margin-bottom:0;padding-top:var(--wp--preset--spacing--50);padding-right:var(--wp--preset--spacing--50);padding-bottom:var(--wp--preset--spacing--50);padding-left:var(--wp--preset--spacing--50)\">\n<div class=\"wp-block-columns alignwide is-layout-flex wp-container-core-columns-is-layout-1da03c2a wp-block-columns-is-layout-flex\">\n<div class=\"wp-block-column is-vertically-aligned-stretch is-layout-flow wp-block-column-is-layout-flow\" style=\"flex-basis:50%\">\n<h2 class=\"wp-block-heading\"><strong>Budujemy wi\u0119zi &#8211; integracyjne warsztaty z klockami<\/strong><\/h2>\n\n\n\n<p class=\"wp-container-content-9cfa9a5a\">&#8222;Budujemy wi\u0119zi &#8211; integracyjne warsztaty z klockami&#8221; to projekt edukacyjny Stowarzyszenia Endorfinka maj\u0105cy na celu w\u0142\u0105czenie spo\u0142eczne dzieci zagro\u017conych wykluczeniem, w szczeg\u00f3lno\u015bci adresowany do dzieci z niepe\u0142nosprawno\u015bciami i ich r\u00f3wie\u015bnik\u00f3w. Projekt obejmuje przeprowadzenie cyklu integracyjnych warsztat\u00f3w z klockami LEGO na terenie wojew\u00f3dztwa opolskiego. Podczas warsztat\u00f3w dzieci i m\u0142odzie\u017c w parach wykonuj\u0105 zadania konstrukcyjne z wykorzystaniem klock\u00f3w LEGO. <\/p>\n\n\n\n<p>W 2024 roku w projekcie wzi\u0119\u0142y udzia\u0142: Specjalny O\u015brodek Szkolno-Wychowawczy w G\u0142ubczycach, Publiczna Szko\u0142a Podstawowa w Grobnikach, Szko\u0142a Podstawowa Nr 1 w K\u0119dzierzynie-Ko\u017alu, Zesp\u00f3\u0142 Szk\u00f3\u0142 Specjalnych w K\u0119dzierzynie-Ko\u017alu, Zesp\u00f3\u0142 Szk\u00f3\u0142 Specjalnych w Krapkowicach, Specjalny O\u015brodek Szkolno-Wychowawczy w G\u0142og\u00f3wku oraz Publiczna Szko\u0142a Podstawowa w G\u0142og\u00f3wku.<\/p>\n\n\n\n<p>W 2025 roku w projekcie bior\u0105 udzia\u0142: Specjalny O\u015brodek Szkolno-Wychowawczy w G\u0142ubczycach, Specjalny O\u015brodek Szkolno-Wychowawczy w G\u0142og\u00f3wku, Specjalny O\u015brodek Szkolno-Wychowawczy w Le\u015bnicy, Zesp\u00f3\u0142 Szk\u00f3\u0142 Specjalnych w K\u0119dzierzynie-Ko\u017alu oraz Stowarzyszenie na rzecz dzieci i m\u0142odzie\u017cy niepe\u0142nosprawnej &#8222;Jeste\u015bmy wyj\u0105tkowi&#8221; z Kietrza.<\/p>\n\n\n\n<p>W latach 2024-2025 projekt jest wsp\u00f3\u0142finansowany przez Samorz\u0105d Wojew\u00f3dztwa Opolskiego ze \u015brodk\u00f3w Pa\u0144stwowego Funduszu Rehabilitacji Os\u00f3b Niepe\u0142nosprawnych.<\/p>\n<\/div>\n\n\n\n<div class=\"wp-block-column is-vertically-aligned-center is-layout-flow wp-block-column-is-layout-flow\" style=\"flex-basis:50%\">\n<figure class=\"wp-block-gallery has-nested-images columns-default is-cropped wp-block-gallery-4 is-layout-flex wp-block-gallery-is-layout-flex\">\n<figure class=\"wp-block-image aligncenter size-full is-style-rounded is-style-rounded--3\"><img loading=\"lazy\" decoding=\"async\" width=\"1319\" height=\"1587\" data-id=\"151\" src=\"https:\/\/endorfinka.pl\/wp-content\/uploads\/2026\/01\/Projekt-bez-nazwy-2.png\" alt=\"\" class=\"wp-image-151\" style=\"aspect-ratio:3\/4;object-fit:cover\" srcset=\"https:\/\/endorfinka.pl\/wp-content\/uploads\/2026\/01\/Projekt-bez-nazwy-2.png 1319w, https:\/\/endorfinka.pl\/wp-content\/uploads\/2026\/01\/Projekt-bez-nazwy-2-249x300.png 249w, https:\/\/endorfinka.pl\/wp-content\/uploads\/2026\/01\/Projekt-bez-nazwy-2-851x1024.png 851w, https:\/\/endorfinka.pl\/wp-content\/uploads\/2026\/01\/Projekt-bez-nazwy-2-768x924.png 768w, https:\/\/endorfinka.pl\/wp-content\/uploads\/2026\/01\/Projekt-bez-nazwy-2-1277x1536.png 1277w\" sizes=\"auto, (max-width: 1319px) 100vw, 1319px\" \/><\/figure>\n<\/figure>\n<\/div>\n<\/div>\n<\/div>\n\n\n\n<div class=\"wp-block-group alignfull has-base-background-color has-background has-global-padding is-layout-constrained wp-container-core-group-is-layout-d89aad35 wp-block-group-is-layout-constrained\" style=\"margin-top:0;margin-bottom:0;padding-top:var(--wp--preset--spacing--50);padding-right:var(--wp--preset--spacing--50);padding-bottom:var(--wp--preset--spacing--50);padding-left:var(--wp--preset--spacing--50)\">\n<div class=\"wp-block-columns alignwide is-layout-flex wp-container-core-columns-is-layout-549b0c86 wp-block-columns-is-layout-flex\">\n<div class=\"wp-block-column has-global-padding is-content-justification-left is-layout-constrained wp-container-core-column-is-layout-4f15e8fe wp-block-column-is-layout-constrained\" style=\"flex-basis:40%\">\n<figure class=\"wp-block-image alignfull size-large\"><img loading=\"lazy\" decoding=\"async\" width=\"1024\" height=\"577\" src=\"https:\/\/endorfinka.pl\/wp-content\/uploads\/2024\/11\/462714018_426184813838250_8293901885779307335_n-1024x577.png\" alt=\"\" class=\"wp-image-122\" srcset=\"https:\/\/endorfinka.pl\/wp-content\/uploads\/2024\/11\/462714018_426184813838250_8293901885779307335_n-1024x577.png 1024w, https:\/\/endorfinka.pl\/wp-content\/uploads\/2024\/11\/462714018_426184813838250_8293901885779307335_n-300x169.png 300w, https:\/\/endorfinka.pl\/wp-content\/uploads\/2024\/11\/462714018_426184813838250_8293901885779307335_n-768x433.png 768w, https:\/\/endorfinka.pl\/wp-content\/uploads\/2024\/11\/462714018_426184813838250_8293901885779307335_n-1536x865.png 1536w, https:\/\/endorfinka.pl\/wp-content\/uploads\/2024\/11\/462714018_426184813838250_8293901885779307335_n.png 1640w\" sizes=\"auto, (max-width: 1024px) 100vw, 1024px\" \/><\/figure>\n<\/div>\n\n\n\n<div class=\"wp-block-column is-layout-flow wp-container-core-column-is-layout-119bc444 wp-block-column-is-layout-flow\" style=\"flex-basis:60%\">\n<h2 class=\"wp-block-heading has-x-large-font-size\"><strong>Dost\u0119pne cyfrowo Stowarzyszenie Endorfinka<\/strong><\/h2>\n\n\n\n<div class=\"wp-block-columns is-layout-flex wp-container-core-columns-is-layout-87beb0d0 wp-block-columns-is-layout-flex\">\n<div class=\"wp-block-column is-layout-flow wp-block-column-is-layout-flow\">\n<p class=\"wp-container-content-9cfa9a5a\">G\u0142\u00f3wnym celem zadania jest zapewnienie dost\u0119pno\u015bci cyfrowej Stowarzyszenia Endorfinka poprzez utworzenie strony internetowej zapewniaj\u0105cej dost\u0119pno\u015b\u0107 cyfrow\u0105 odbiorcom ze szczeg\u00f3lnymi potrzebami. Projekt jest wsp\u00f3\u0142finansowany przez Samorz\u0105d Wojew\u00f3dztwa Opolskiego.<\/p>\n<\/div>\n<\/div>\n<\/div>\n<\/div>\n<\/div>\n\n\n\n<div class=\"wp-block-group alignfull has-base-background-color has-background has-global-padding is-layout-constrained wp-container-core-group-is-layout-d89aad35 wp-block-group-is-layout-constrained\" style=\"margin-top:0;margin-bottom:0;padding-top:var(--wp--preset--spacing--50);padding-right:var(--wp--preset--spacing--50);padding-bottom:var(--wp--preset--spacing--50);padding-left:var(--wp--preset--spacing--50)\">\n<div class=\"wp-block-columns alignwide is-layout-flex wp-container-core-columns-is-layout-549b0c86 wp-block-columns-is-layout-flex\">\n<div class=\"wp-block-column has-global-padding is-content-justification-left is-layout-constrained wp-container-core-column-is-layout-4f15e8fe wp-block-column-is-layout-constrained\" style=\"flex-basis:40%\">\n<figure class=\"wp-block-image alignfull size-large\"><img loading=\"lazy\" decoding=\"async\" width=\"1024\" height=\"933\" src=\"https:\/\/endorfinka.pl\/wp-content\/uploads\/2025\/04\/4-2-1024x933.png\" alt=\"\" class=\"wp-image-141\" srcset=\"https:\/\/endorfinka.pl\/wp-content\/uploads\/2025\/04\/4-2-1024x933.png 1024w, https:\/\/endorfinka.pl\/wp-content\/uploads\/2025\/04\/4-2-300x273.png 300w, https:\/\/endorfinka.pl\/wp-content\/uploads\/2025\/04\/4-2-768x700.png 768w, https:\/\/endorfinka.pl\/wp-content\/uploads\/2025\/04\/4-2.png 1401w\" sizes=\"auto, (max-width: 1024px) 100vw, 1024px\" \/><\/figure>\n<\/div>\n\n\n\n<div class=\"wp-block-column is-layout-flow wp-container-core-column-is-layout-119bc444 wp-block-column-is-layout-flow\" style=\"flex-basis:60%\">\n<h2 class=\"wp-block-heading has-x-large-font-size\"><strong>R\u00f3wna\u0107 Szanse<\/strong><\/h2>\n\n\n\n<div class=\"wp-block-columns is-layout-flex wp-container-core-columns-is-layout-87beb0d0 wp-block-columns-is-layout-flex\">\n<div class=\"wp-block-column is-layout-flow wp-block-column-is-layout-flow\">\n<p class=\"wp-container-content-9cfa9a5a\">&#8222;R\u00f3wna\u0107 Szanse&#8221; to program Polsko-Ameryka\u0144skiej Fundacji Wolno\u015bci, kt\u00f3rego g\u0142\u00f3wnym celem jest rozw\u00f3j kompetencji spo\u0142ecznych m\u0142odzie\u017cy z ma\u0142ych miejscowo\u015bci.<\/p>\n\n\n\n<p class=\"wp-container-content-9cfa9a5a\">W 2025 roku w ramach tego programu realizujemy projekt &#8222;G\u0142ubczycki Fashion Freak&#8221;, daj\u0105c m\u0142odzie\u017cy przestrze\u0144 do artystycznego wyrazu na kanwie modowej. Projekt obejmuje zorganizowanie warsztat\u00f3w projektowania ubioru, wakacyjnego kursu krawieckiego i jesiennego pokazu mody.<\/p>\n\n\n\n<p class=\"wp-container-content-9cfa9a5a\">Projekt jest wsp\u00f3\u0142finansowany przez Polsko-Ameryka\u0144sk\u0105 Fundacj\u0119 Wolno\u015bci.<\/p>\n<\/div>\n<\/div>\n<\/div>\n<\/div>\n<\/div>\n\n\n\n<div class=\"wp-block-group alignfull has-base-background-color has-background has-global-padding is-layout-constrained wp-container-core-group-is-layout-d89aad35 wp-block-group-is-layout-constrained\" style=\"margin-top:0;margin-bottom:0;padding-top:var(--wp--preset--spacing--50);padding-right:var(--wp--preset--spacing--50);padding-bottom:var(--wp--preset--spacing--50);padding-left:var(--wp--preset--spacing--50)\">\n<div class=\"wp-block-columns alignwide is-layout-flex wp-container-core-columns-is-layout-549b0c86 wp-block-columns-is-layout-flex\">\n<div class=\"wp-block-column has-global-padding is-content-justification-left is-layout-constrained wp-container-core-column-is-layout-4f15e8fe wp-block-column-is-layout-constrained\" style=\"flex-basis:40%\">\n<figure class=\"wp-block-image alignfull size-large\"><img loading=\"lazy\" decoding=\"async\" width=\"1024\" height=\"899\" src=\"https:\/\/endorfinka.pl\/wp-content\/uploads\/2025\/04\/2-1024x899.png\" alt=\"\" class=\"wp-image-142\" srcset=\"https:\/\/endorfinka.pl\/wp-content\/uploads\/2025\/04\/2-1024x899.png 1024w, https:\/\/endorfinka.pl\/wp-content\/uploads\/2025\/04\/2-300x264.png 300w, https:\/\/endorfinka.pl\/wp-content\/uploads\/2025\/04\/2-768x675.png 768w, https:\/\/endorfinka.pl\/wp-content\/uploads\/2025\/04\/2-1536x1349.png 1536w, https:\/\/endorfinka.pl\/wp-content\/uploads\/2025\/04\/2.png 1587w\" sizes=\"auto, (max-width: 1024px) 100vw, 1024px\" \/><\/figure>\n<\/div>\n\n\n\n<div class=\"wp-block-column is-layout-flow wp-container-core-column-is-layout-119bc444 wp-block-column-is-layout-flow\" style=\"flex-basis:60%\">\n<h2 class=\"wp-block-heading has-x-large-font-size\"><strong>2025 z opolsk\u0105 kultur\u0105<\/strong><\/h2>\n\n\n\n<div class=\"wp-block-columns is-layout-flex wp-container-core-columns-is-layout-87beb0d0 wp-block-columns-is-layout-flex\">\n<div class=\"wp-block-column is-layout-flow wp-block-column-is-layout-flow\">\n<p class=\"wp-container-content-9cfa9a5a\">G\u0142\u00f3wnym celem projektu jest wspieranie udzia\u0142u w imprezach kulturalnych i artystycznych lokalnej spo\u0142eczno\u015bci poprzez udzia\u0142 dzieci w wieku przedszkolnym i ich<br>doros\u0142ych opiekun\u00f3w w warsztatach muzycznych &#8222;Pomelody&#8221; prowadzonych przez Filharmoni\u0119 Opolsk\u0105 oraz udzia\u0142 doros\u0142ych w spektaklach teatralnych w Teatrze im. Jana Kochanowskiego w Opolu. Uczestnikom zadania zostanie zapewniony transport, bilety wst\u0119pu oraz opieka na dzie\u0107mi podczas wyjazd\u00f3w do teatru.<\/p>\n\n\n\n<p class=\"wp-container-content-9cfa9a5a\">Projekt jest wsp\u00f3\u0142finansowany przez Samorz\u0105d Wojew\u00f3dztwa Opolskiego.<\/p>\n<\/div>\n<\/div>\n<\/div>\n<\/div>\n<\/div>\n\n\n\n\n\n<p><\/p>\n","protected":false},"excerpt":{"rendered":"<p>O czym \u015bni\u0105 roboty &#8222;O czym \u015bni\u0105 roboty&#8221; to projekt edukacyjny realizowany przez Stowarzyszenie Endorfinka i wsp\u00f3\u0142finansowany przez Samorz\u0105d Wojew\u00f3dztwa Opolskiego w ramach programu Opolska Pozytywna Edukacja, obejmuj\u0105cy prowadzenie warsztat\u00f3w z robotyki LEGO w szko\u0142ach podstawowych z teren\u00f3w pozamiejskich wojew\u00f3dztwa opolskiego. W 2024 roku w projekcie wzi\u0119\u0142y udzia\u0142: Publiczna Szko\u0142a Podstawowa w Bogdanowicach, Publiczna Szko\u0142a [&hellip;]<\/p>\n","protected":false},"author":1,"featured_media":0,"parent":0,"menu_order":0,"comment_status":"closed","ping_status":"closed","template":"","meta":{"footnotes":""},"class_list":["post-71","page","type-page","status-publish","hentry"],"_links":{"self":[{"href":"https:\/\/endorfinka.pl\/index.php?rest_route=\/wp\/v2\/pages\/71","targetHints":{"allow":["GET"]}}],"collection":[{"href":"https:\/\/endorfinka.pl\/index.php?rest_route=\/wp\/v2\/pages"}],"about":[{"href":"https:\/\/endorfinka.pl\/index.php?rest_route=\/wp\/v2\/types\/page"}],"author":[{"embeddable":true,"href":"https:\/\/endorfinka.pl\/index.php?rest_route=\/wp\/v2\/users\/1"}],"replies":[{"embeddable":true,"href":"https:\/\/endorfinka.pl\/index.php?rest_route=%2Fwp%2Fv2%2Fcomments&post=71"}],"version-history":[{"count":35,"href":"https:\/\/endorfinka.pl\/index.php?rest_route=\/wp\/v2\/pages\/71\/revisions"}],"predecessor-version":[{"id":156,"href":"https:\/\/endorfinka.pl\/index.php?rest_route=\/wp\/v2\/pages\/71\/revisions\/156"}],"wp:attachment":[{"href":"https:\/\/endorfinka.pl\/index.php?rest_route=%2Fwp%2Fv2%2Fmedia&parent=71"}],"curies":[{"name":"wp","href":"https:\/\/api.w.org\/{rel}","templated":true}]}}